{"id":14,"date":"2019-06-02T16:47:47","date_gmt":"2019-06-02T16:47:47","guid":{"rendered":"http:\/\/magnet.mx\/new\/?page_id=14"},"modified":"2019-06-02T12:25:17","modified_gmt":"2019-06-02T18:25:17","slug":"clientes","status":"publish","type":"page","link":"https:\/\/www.magnet.mx\/new\/?page_id=14","title":{"rendered":"Clientes"},"content":{"rendered":"\n<p>En construcci\u00f3n&#8230;<\/p>\n","protected":false},"excerpt":{"rendered":"<p class=\"qua-blog-post-description\">En construcci\u00f3n&#8230;<\/p>\n","protected":false},"author":1,"featured_media":0,"parent":0,"menu_order":0,"comment_status":"closed","ping_status":"closed","template":"","meta":{"spay_email":"","footnotes":""},"class_list":["post-14","page","type-page","status-publish","hentry"],"jetpack-related-posts":[{"id":12,"url":"https:\/\/www.magnet.mx\/new\/?page_id=12","url_meta":{"origin":14,"position":0},"title":"Qui\u00e9nes somos","date":"2 junio, 2019","format":false,"excerpt":"Somos una empresa constitu\u00edda por un grupo de profesionales y t\u00e9cnicos con experiencia en ramo de Tecnolog\u00edas de la Informaci\u00f3n, con acentuaci\u00f3n en transmisi\u00f3n de voz, datos e imagen, as\u00ed como en conectividad y soluciones de sistemas. La implementaci\u00f3n de soluciones adecuadas, utilizando las nuevas tecnolog\u00edas emergentes, as\u00ed como aprovechando\u2026","rel":"","context":"Entrada similar ","img":{"alt_text":"","src":"","width":0,"height":0},"classes":[]},{"id":2,"url":"https:\/\/www.magnet.mx\/new\/","url_meta":{"origin":14,"position":1},"title":"\u00a1Bienvenidos!","date":"1 junio, 2019","format":false,"excerpt":"En el a\u00f1o 2000 iniciamos operaciones ofreciendo servicios relacionados en los rubros de cableado estructurado, telefon\u00eda anal\u00f3gica y digital, equipos de datos y telecomunicaciones. En el a\u00f1o 2002 obtuvimos el Reconocimiento como Socio de Servicios de Avaya\u00ae. En el a\u00f1o 2008 incursionamos en el mercado de la telefon\u00eda IP como\u2026","rel":"","context":"Entrada similar ","img":{"alt_text":"","src":"https:\/\/i2.wp.com\/www.magnet.mx\/new\/wp-content\/uploads\/2021\/08\/grandstream-telefonos.jpg?resize=350%2C200&ssl=1","width":350,"height":200},"classes":[]}],"_links":{"self":[{"href":"https:\/\/www.magnet.mx\/new\/index.php?rest_route=\/wp\/v2\/pages\/14"}],"collection":[{"href":"https:\/\/www.magnet.mx\/new\/index.php?rest_route=\/wp\/v2\/pages"}],"about":[{"href":"https:\/\/www.magnet.mx\/new\/index.php?rest_route=\/wp\/v2\/types\/page"}],"author":[{"embeddable":true,"href":"https:\/\/www.magnet.mx\/new\/index.php?rest_route=\/wp\/v2\/users\/1"}],"replies":[{"embeddable":true,"href":"https:\/\/www.magnet.mx\/new\/index.php?rest_route=%2Fwp%2Fv2%2Fcomments&post=14"}],"version-history":[{"count":2,"href":"https:\/\/www.magnet.mx\/new\/index.php?rest_route=\/wp\/v2\/pages\/14\/revisions"}],"predecessor-version":[{"id":18,"href":"https:\/\/www.magnet.mx\/new\/index.php?rest_route=\/wp\/v2\/pages\/14\/revisions\/18"}],"wp:attachment":[{"href":"https:\/\/www.magnet.mx\/new\/index.php?rest_route=%2Fwp%2Fv2%2Fmedia&parent=14"}],"curies":[{"name":"wp","href":"https:\/\/api.w.org\/{rel}","templated":true}]}}